{"id":46,"date":"2024-04-02T18:32:37","date_gmt":"2024-04-02T16:32:37","guid":{"rendered":"https:\/\/lartalr.cluster030.hosting.ovh.net\/?page_id=46"},"modified":"2024-04-28T19:10:48","modified_gmt":"2024-04-28T17:10:48","slug":"informations-legales","status":"publish","type":"page","link":"https:\/\/www.lartalaperriere.com\/index.php\/informations-legales\/","title":{"rendered":"Informations l\u00e9gales"},"content":{"rendered":"\n<p><strong>PROPRIETE DU SITE<\/strong><br><strong>L&rsquo;Art \u00e0 la Perri\u00e8re, association Loi 1901<\/strong><br>Mairie de La Perri\u00e8re<br>Grande Place<br>61130 Belforet-en-Perche<br><br><strong>DIRECTEUR DE LA PUBLICATION<\/strong><br>Pierre Fonfaine, Pr\u00e9sident<br>Contact:<br>Mail : lartalaperriere@gmail.com<br>Insta : <em><a href=\"https:\/\/www.instagram.com\/lartalaperriere\/\" target=\"_blank\" rel=\"noreferrer noopener\">@lartalaperriere<\/a><\/em><br><br><strong>LES MEMBRES DU BUREAU<\/strong><br><strong>\u2013 Pr\u00e9sident :<\/strong> Pierre Fontaine<br><strong>\u2013 Vice pr\u00e9sident : <\/strong>Julien Cendres<br>\u2013<strong> Tr\u00e9sori\u00e8re :<\/strong> Hermine de Castro<br>\u2013<strong> Secr\u00e9taire artistique :<\/strong> Elise Steiner<br><strong>\u2013 Secr\u00e9taire administratif : <\/strong>Antoine Fourment<br><br><strong>HEBERGEMENT OVH<\/strong><br>Adresse web : www.ovh.com<br>Adresse Postale : 2 rue kellermann BP 80157 59053 ROUBAIX Cedex<br>T\u00e9l\u00e9phone : +33 (0)8 203 203 63<br>Adresse \u00e9lectronique :\u00a0<a href=\"mailto:support@ovh.com\" target=\"_blank\" rel=\"noreferrer noopener\">support@ovh.com<\/a><br><br><strong>CONNCEPTION, REALISATION, IDENTITE GRAPHIQUE DU SITE<\/strong><br>Pascal Flamand<br>T\u00e9l\u00e9phone : +33 (0) 664 162 990<br>Adresse \u00e9lectronique :\u00a0<a href=\"mailto:contact@pflamand.com\" target=\"_blank\" rel=\"noreferrer noopener\">contact@pflamand.com<\/a><br><br><strong>CREDITS PHOTOS<\/strong><br>Bureau de l&rsquo;Association, Pascal Flamand<br><br><strong>PROPRIETE INTELLECTUELLE<\/strong><br>Les marques, logos, signes ainsi que tous les contenus du site (textes, photos) font l&rsquo;objet d&rsquo;une protection par le code dev la propri\u00e9t\u00e9 intellectuelle et plus particuli\u00e8rement par le droit d&rsquo;auteur.<br><br>L&rsquo;utilisateur doit solliciter l&rsquo;autorisation pr\u00e9alable du site pour toute reproduction, publication, copie des diff\u00e9rents contenus. Il s&rsquo;engage \u00e0 une utilisation des contenus du site dans un cadre strictement priv\u00e9.<br><br>Toute repr\u00e9sentation totale ou partielle de ce site par quelque proc\u00e9d\u00e9 que ce soit, sans l&rsquo;autorisation expresse de l&rsquo;Association L&rsquo;Art \u00e0 LA Perri\u00e8re constituerait une contrefa\u00e7on sanctionn\u00e9e par l&rsquo;article L 335-2 et suivants du Code de la propri\u00e9t\u00e9 intellectuelle.<br><br>Il est rappel\u00e9 conform\u00e9ment \u00e0 l&rsquo;article L 122-5 du Code de la propri\u00e9t\u00e9 intellectuelle que l&rsquo;Utilisateur qui reproduit, copie ou publie le contenu prot\u00e9g\u00e9 doit citer l&rsquo;auteur et la source.<br><br><strong>RESPONSABILITE<\/strong><br>Les sources des informations diffus\u00e9es sur lartalaperriere.com sont r\u00e9put\u00e9es fiables mais le site ne garantit pas qu&rsquo;il soit exempt de d\u00e9fauts, d&rsquo;erreurs ou d&rsquo;omissions.<br><br><\/p>\n","protected":false},"excerpt":{"rendered":"<p>PROPRIETE DU SITEL&rsquo;Art \u00e0 la Perri\u00e8re, association Loi 1901Mairie de La Perri\u00e8reGrande Place61130 Belforet-en-Perche DIRECTEUR DE LA PUBLICATIONPierre Fonfaine, Pr\u00e9sidentContact:Mail : lartalaperriere@gmail.comInsta : @lartalaperriere LES MEMBRES DU BUREAU\u2013 Pr\u00e9sident : Pierre Fontaine\u2013 Vice pr\u00e9sident : Julien Cendres\u2013 Tr\u00e9sori\u00e8re : Hermine de Castro\u2013 Secr\u00e9taire artistique : Elise Steiner\u2013 Secr\u00e9taire administratif : Antoine Fourment HEBERGEMENT OVHAdresse web [&hellip;]<\/p>\n","protected":false},"author":1,"featured_media":0,"parent":0,"menu_order":0,"comment_status":"closed","ping_status":"closed","template":"page-wide","meta":{"ngg_post_thumbnail":0,"footnotes":""},"class_list":["post-46","page","type-page","status-publish","hentry"],"_links":{"self":[{"href":"https:\/\/www.lartalaperriere.com\/index.php\/wp-json\/wp\/v2\/pages\/46","targetHints":{"allow":["GET"]}}],"collection":[{"href":"https:\/\/www.lartalaperriere.com\/index.php\/wp-json\/wp\/v2\/pages"}],"about":[{"href":"https:\/\/www.lartalaperriere.com\/index.php\/wp-json\/wp\/v2\/types\/page"}],"author":[{"embeddable":true,"href":"https:\/\/www.lartalaperriere.com\/index.php\/wp-json\/wp\/v2\/users\/1"}],"replies":[{"embeddable":true,"href":"https:\/\/www.lartalaperriere.com\/index.php\/wp-json\/wp\/v2\/comments?post=46"}],"version-history":[{"count":9,"href":"https:\/\/www.lartalaperriere.com\/index.php\/wp-json\/wp\/v2\/pages\/46\/revisions"}],"predecessor-version":[{"id":310,"href":"https:\/\/www.lartalaperriere.com\/index.php\/wp-json\/wp\/v2\/pages\/46\/revisions\/310"}],"wp:attachment":[{"href":"https:\/\/www.lartalaperriere.com\/index.php\/wp-json\/wp\/v2\/media?parent=46"}],"curies":[{"name":"wp","href":"https:\/\/api.w.org\/{rel}","templated":true}]}}