{"id":8,"date":"2024-04-02T17:49:42","date_gmt":"2024-04-02T15:49:42","guid":{"rendered":"https:\/\/lartalr.cluster030.hosting.ovh.net\/?page_id=8"},"modified":"2024-04-16T18:23:20","modified_gmt":"2024-04-16T16:23:20","slug":"contact","status":"publish","type":"page","link":"https:\/\/www.lartalaperriere.com\/index.php\/contact\/","title":{"rendered":"Contact"},"content":{"rendered":"\n<p>L&rsquo;Art \u00e0 la Perri\u00e8re<br>Association Loi 1901<br>Mairie de La Perri\u00e8re<br>Grande Place<br>61130 Belforet-en-Perche<br><br>Contactez-nous :<br>Mail : lartalaperriere@gmail.com<br>Insta : <em><a href=\"https:\/\/www.instagram.com\/lartalaperriere\/\" target=\"_blank\" rel=\"noreferrer noopener\">@lartalaperriere<\/a><\/em><\/p>\n","protected":false},"excerpt":{"rendered":"<p>L&rsquo;Art \u00e0 la Perri\u00e8reAssociation Loi 1901Mairie de La Perri\u00e8reGrande Place61130 Belforet-en-Perche Contactez-nous :Mail : lartalaperriere@gmail.comInsta : @lartalaperriere<\/p>\n","protected":false},"author":1,"featured_media":0,"parent":0,"menu_order":0,"comment_status":"closed","ping_status":"closed","template":"page-wide","meta":{"ngg_post_thumbnail":0,"footnotes":""},"class_list":["post-8","page","type-page","status-publish","hentry"],"_links":{"self":[{"href":"https:\/\/www.lartalaperriere.com\/index.php\/wp-json\/wp\/v2\/pages\/8","targetHints":{"allow":["GET"]}}],"collection":[{"href":"https:\/\/www.lartalaperriere.com\/index.php\/wp-json\/wp\/v2\/pages"}],"about":[{"href":"https:\/\/www.lartalaperriere.com\/index.php\/wp-json\/wp\/v2\/types\/page"}],"author":[{"embeddable":true,"href":"https:\/\/www.lartalaperriere.com\/index.php\/wp-json\/wp\/v2\/users\/1"}],"replies":[{"embeddable":true,"href":"https:\/\/www.lartalaperriere.com\/index.php\/wp-json\/wp\/v2\/comments?post=8"}],"version-history":[{"count":4,"href":"https:\/\/www.lartalaperriere.com\/index.php\/wp-json\/wp\/v2\/pages\/8\/revisions"}],"predecessor-version":[{"id":239,"href":"https:\/\/www.lartalaperriere.com\/index.php\/wp-json\/wp\/v2\/pages\/8\/revisions\/239"}],"wp:attachment":[{"href":"https:\/\/www.lartalaperriere.com\/index.php\/wp-json\/wp\/v2\/media?parent=8"}],"curies":[{"name":"wp","href":"https:\/\/api.w.org\/{rel}","templated":true}]}}